28, u + 5*y = 5*u - r. What is the units digit of u?
8
Suppose -3*i = -15, 5*c + i = 5*i - 775. Suppose 0 = -3*h - 560 - 247. Let w = c - h. What is the tens digit of w?
1
Let n be 0*(-1 - 0/3). Let t(i) = 11*i + 4. Let s be t(n). Suppose w = -s*v + 70, -w + 5*w + 3*v - 241 = 0. What is the units digit of w?
8
Let d be 18/(-4) + (-2)/4. Let y(u) be the third derivative of u**6/120 + u**5/10 - u**4/6 - u**3/3 - 111*u**2. What is the tens digit of y(d)?
4
Let g = -1709 - -2595. What is the hundreds digit of g?
8
Suppose -4*b = -v - 41532, v = -14*b + 12*b + 20766. What is the thousands digit of b?
0
Let r(n) = 200*n - 2009. What is the thousands digit of r(99)?
7
Let b(f) be the third derivative of f**6/120 - f**5/60 - f**4/12 + 5*f**3/6 - 9*f**2. Let z be b(2). What is the tens digit of 44 - 15/z - 1?
4
Let r = 451 + -363. Suppose -840 = -r*h + 82*h. What is the hundreds digit of h?
1
Let d be 2*((-15)/(-6) - 5). Let y be (-1 - d - 4)/(-2 - 1). Let z(g) = -g**3 + 2*g**2 + 74. What is the tens digit of z(y)?
7
Let o(w) = -w**3 + 13*w**2 + 44*w - 197. What is the hundreds digit of o(-23)?
8
Let o be ((-316)/3)/(4/180*6). Let q be 2/6 - o/15. What is the units digit of (-2*2)/(q/(-17) - -3)?
4
Let y be (-6 - 0)*11/(-33). Suppose y*w + 3*w = 10. Suppose 3*h = b - 25, w*h + 33 = b - 3*h. What is the units digit of b?
3
Let o = -5335 - -18050. What is the ten thousands digit of o?
1
Let y(m) = -883*m - 3331. What is the thousands digit of y(-25)?
8
Suppose -76527 = -27*q - 32455 + 80290. What is the hundreds digit of q?
6
Suppose 0 = 16*g - 5*g - 22. Suppose 2*a - a - g = 2*f, 3*a + 2*f = 22. Suppose -11*o + 805 = -a*o. What is the tens digit of o?
6
Let m(j) = 5*j**3 - 6*j**2 + 11*j - 17. Let r be m(3). Let l = r + -80. Let h = 105 - l. What is the tens digit of h?
8
Suppose 2*y = 6*y - 92. Suppose 10*k = y*k - 559. Let p = k - -18. What is the tens digit of p?
6
Suppose 0 = h + 2*b - 35864, -99994 = -5*h - 3*b + 79326. What is the units digit of h?
4
Let h = -138 - 254. Let a = -227 - h. What is the hundreds digit of a?
1
Let m = -10331 + 9593. Suppose -3*s = -v + 4 + 9, -2*s = 4*v - 38. What is the units digit of m/(-12)*(-1 - v/(-6))?
1
Let y = -19 - -21. Suppose -y = 2*v - o, 8*v + 10 = 3*v + 5*o. Suppose r - 4*x - 101 = v, r + 12 - 121 = 2*x. What is the hundreds digit of r?
1
What is the tens digit of (-544032)/(-26) + ((-1080)/351)/10?
2
What is the ten thousands digit of (-6)/45 - 18/(2430/(-12213333))?
9
Let g be ((-952)/42)/((-2)/18). Let x = g + 223. What is the units digit of x?
7
Suppose -2*f = -4*j + 123788, 238*f + 92842 = 3*j + 236*f. What is the thousands digit of j?
0
Let k be (-462)/23 - (-58)/667. What is the units digit of (15/12)/5 + (-1455)/k?
3
Suppose -t = -455*g + 450*g + 165325, -3*t = -2*g + 66143. What is the thousands digit of g?
3
Let m be (-2)/16 + 1/8. Suppose -k - 6 = 3*h, -k + m = -3. What is the units digit of (h/(-3) - 2)*41/(-1)?
1
Let g = -58697 + 85317. What is the units digit of g?
0
Suppose 2*u = s - 27756, -5*u - 27414 = -2*s + 28092. What is the hundreds digit of s?
7
Suppose 14*j - 66 = 46. Let q(f) = -9*f - 5. Let m be q(-4). Let d = j + m. What is the units digit of d?
9
Let u(q) = 40*q**2 + 49*q - 77. Let n be u(5). Let t = 0 + 0. Suppose z - 9*z + n = t. What is the hundreds digit of z?
1
Let s(o) = 54 + o**2 - 2*o - 41 - 12*o. Let g be s(13). Suppose r - 3*r - 5*p = -136, -5*r + 5*p + 340 = g. What is the tens digit of r?
6
Suppose 24*z - 34 = 23*z. Let o be (-1)/((-8)/60 + z/30). What is the units digit of (-1)/(-6) - ((-1235)/6 + o)?
7
Let u(n) = -214*n**2 + 6*n + 5. Let s(o) = -2*o**2. Suppose 10*w + 12 = 6*w. Let b(y) = w*s(y) - u(y). What is the units digit of b(-1)?
1
Let g = 2134 + -523. What is the units digit of g?
1
Suppose 0 = 18*m - 36*m + 23*m - 45430. What is the units digit of m?
6
Suppose 0*w - 14*w = -88998. Suppose -12*f - 117 = -w. What is the tens digit of f?
2
Let g = -30207 + 48490. What is the hundreds digit of g?
2
Let w = 9584 - 1788. What is the tens digit of w?
9
Let n(p) = p**3 + 12*p**2 - 17*p + 9. Let q be n(-7). Let y = q + 450. What is the units digit of y?
3
Let y(r) = 1953*r. Let k be y(1). Suppose 5*j = 17 + k. What is the hundreds digit of j?
3
What is the hundreds digit of 6/(1080/4254700) + (-4)/18?
6
Suppose 0 = -3*b - 4*h + 13627, 56*b - 5*h = 61*b - 22710. What is the units digit of b?
1
Let u(q) = -q**2 - 6*q - 1. Let t be u(-5). Suppose d = -2*r + 5*r - 1486, t*d = 5*r - 2479. What is the tens digit of r?
9
Let k(n) = 3395*n - 5308. What is the hundreds digit of k(11)?
0
Let p be (-804)/8*4/(-6). Suppose 0 = -2*b - 2*w + 286, 0 = 3*b - 3*w + p - 514. Suppose 12 + 3 = -5*c, -b = -2*j + 2*c. What is the tens digit of j?
7
Suppose 0*f + 51 = -3*f. Let g = -25 - f. Let v = 81 - g. What is the tens digit of v?
8
Let t(z) = z**3 - 2*z**2 - 8*z + 7. Let p be t(6). Let k = -2742 - -2936. Let f = k - p. What is the tens digit of f?
9
Suppose -2*i - 2*i + 7316 = 0. Suppose 7*k - i = 2042. What is the units digit of k?
3
Let p(l) = 8*l**3 - 25*l**2 - 3*l + 45. Let v(b) = -7*b**3 + 25*b**2 + 3*b - 43. Let x(o) = 5*p(o) + 6*v(o). What is the units digit of x(12)?
7
What is the units digit of 5881 - 21*(-24)/56?
0
Suppose 23*j = 2*i + 19*j - 23742, 2*i - j - 23760 = 0. What is the thousands digit of i?
1
Let r be (-768)/7 + 12/(-42). Let d = 14 - r. What is the hundreds digit of d?
1
Suppose -25064 = -5*t + a, -3*t - 2*a = -1365 - 13663. What is the tens digit of t?
1
Suppose 3*q - 90 = -279. Let n(d) = -5*d - 20. Let y be n(18). Let f = q - y. What is the tens digit of f?
4
Let z(l) = -32*l**2 + l + 27557. What is the tens digit of z(0)?
5
Let n(z) = 820 - 830 + 262*z + 239*z. What is the units digit of n(1)?
1
Suppose 20*p = 58*p - 380908 + 43316. What is the units digit of p?
4
Suppose -2*y - 3*y = 25. Let o be ((-325)/3)/y*-9. What is the units digit of (12/(-30))/(0 + 3/o)?
6
Let d = -15600 + 26962. Suppose -49*u + d = -30*u. What is the tens digit of u?
9
Let x = -148 - -211. Suppose -67*q = -x*q - 1820. Suppose -2*u = -2*s - 194, 0*u - 5*u + q = 5*s. What is the units digit of u?
4
Suppose 5*b - 5*f = 3*b - 2, -3*f + 4 = -4*b. Let q be b/((1 + 2)/114)*2. What is the tens digit of (58/(-8))/(19/q)?
2
Suppose 39*k + 30326 = 41*k - 5*s, -10 = -5*s. Suppose 10*d = -14*d + k. What is the tens digit of d?
3
Suppose 2*p = -5*w + 4295, 5*w = -4*p + w + 8560. Suppose t = -4*t + p. What is the hundreds digit of t?
4
Let m(b) = 2*b**2 - 14*b + 16. Let k be (-332)/(-36) + 4/(-18). Let n be m(k). Let o = -17 + n. What is the units digit of o?
5
Suppose 0*w - 7*w + 1813 = 0. Suppose j + 15 - w = 0. Suppose c = 2*p + 88, 3*c + 2*p - j = -2*p. What is the units digit of c?
4
Suppose -5*z + 4079 = -2*s - 3978, -4832 = -3*z - s. Suppose -z = -5*v - 566. What is the hundreds digit of v?
2
Let h be 1*((2 - -1) + -15). Let o be (-6)/(-5)*(-100)/h. What is the units digit of 5*8/o - -1?
5
Suppose 3*g - 6 = 3. Suppose 4*v - 12 = 8*v, 4*c - g*v = 25. Suppose c*i - 71 = 29. What is the units digit of i?
5
Let u be (-2)/(-5) - (-12)/(-30). Let x(l) = -l**3 + l**2 - l + 89. Let j be x(u). Suppose -4*g + 83 = -0*k + k, -5*k - j = -4*g. What is the tens digit of g?
2
Let z(u) = 10749*u + 577. What is the thousands digit of z(1)?
1
What is the thousands digit of 12/72*2 - (-11308)/6?
1
Let l(p) = -61*p**3 - p**2 - 3*p - 3. Let y(g) = 9*g + 53. Let v be y(-6). Let s be l(v). Let t = 158 + s. What is the tens digit of t?
1
Let a be (-6)/(-2) + 6 - 4. Suppose 0*d - 12 = -2*p - 4*d, 2*d = -a*p - 10. Let m(f) = f**3 + 2*f**2 - 9*f. What is the units digit of m(p)?
4
Let t(v) = 2*v**2 - 3. Let y be t(2). Suppose 2*b = 4*d - 22, 5*b + 16 = y*d + 1. Suppose -846 = -d*s + 250. What is the tens digit of s?
3
Suppose x + 84 = -x + 5*y, -4*y + 119 = -3*x. Let c = x - -35. What is the tens digit of c*1*2/((-4)/31)?
3
Suppose n = 2, -n = -2*j + 6*j - 13098. Suppose -j = -7*k + 2060. Suppose 2*f = -4*f + k. What is the tens digit of f?
2
Let n(z) = z**3 - 13*z**2 + 28*z - 44. What is the tens digit of n(13)?
2
Let l = 144 + -130. Let q be (3/9)/(1/3597). Suppose -3*y = -l*y + q. What is the tens digit of y?
0
Let f = -173 - -153. What is the units digit of (20/15)/(f/(-16155))?
7
Let y(j) = 9*j**2 - 15*j